lse
Is 310605803 a composite number?
False
Is 25090851 a prime number?
False
Is 250571 a prime number?
False
Is 12737647 a prime number?
False
Is 397583 a composite number?
True
Is 11805433 prime?
True
Is 47589839 a composite number?
True
Is 71158091 composite?
False
Is 939560161 composite?
True
Is 13194953 prime?
False
Is 12131677 composite?
False
Is 23779673 composite?
True
Is 73982041 a composite number?
True
Is 56261 composite?
True
Is 3605197 a prime number?
True
Is 37167511 composite?
False
Is 3077143 a composite number?
False
Is 100876229 composite?
True
Is 94227901 composite?
True
Is 155173 prime?
False
Is 174375343 a prime number?
False
Is 111370199 composite?
True
Is 1930627 prime?
True
Is 4356041 composite?
False
Is 131629981 a composite number?
True
Is 4867357 prime?
False
Is 3093581 a prime number?
True
Is 30881699 a composite number?
True
Is 418293133 a composite number?
False
Is 602324462 a composite number?
True
Is 26201737 composite?
True
Is 206128127 composite?
False
Is 10435259 a prime number?
True
Is 628873 a prime number?
False
Is 10942973 a prime number?
False
Is 50655167 prime?
False
Is 20524551 prime?
False
Is 8934659 a prime number?
True
Is 357627817 a prime number?
True
Is 476527 a prime number?
False
Is 34261393 composite?
True
Is 104280727 composite?
False
Is 79733 a composite number?
True
Is 15659801 prime?
True
Is 3665299 composite?
True
Is 6833443 a prime number?
True
Is 480437554 a composite number?
True
Is 18469499 a composite number?
False
Is 8147629 a composite number?
True
Is 14094053 a prime number?
False
Is 12735739 composite?
False
Is 233976971 a composite number?
False
Is 1612526495 composite?
True
Is 3957941 a composite number?
True
Is 2100013 prime?
False
Is 9340577 a prime number?
True
Is 4925099 a composite number?
True
Is 97598 composite?
True
Is 26833285 a prime number?
False
Is 2396483 a composite number?
True
Is 1328387 a composite number?
False
Is 13093466 a composite number?
True
Is 14470973 composite?
True
Is 4041299 prime?
True
Is 5364847 a prime number?
False
Is 12247237 composite?
False
Is 288842893 prime?
True
Is 13012823 prime?
False
Is 4891927 composite?
False
Is 4227581 prime?
False
Is 13062869 a prime number?
True
Is 5191699 a composite number?
False
Is 4669879 composite?
False
Is 4359335 prime?
False
Is 21330987 prime?
False
Is 1293821 a prime number?
True
Is 3650397 prime?
False
Is 131405381 prime?
True
Is 435000509 a prime number?
True
Is 106301465 a composite number?
True
Is 33325207 a composite number?
False
Is 38382233 a prime number?
True
Is 5825093 composite?
True
Is 6309727 a prime number?
True
Is 3049289 composite?
False
Is 26817069 a composite number?
True
Is 635785 a composite number?
True
Is 77663129 prime?
False
Is 24071 a prime number?
True
Is 13755893 a prime number?
True
Is 25453401 prime?
False
Is 260082191 a prime number?
True
Is 213177013 a composite number?
True
Is 24868955 a composite number?
True
Is 8503661 composite?
True
Is 2123227 prime?
False
Is 1708277 a composite number?
True
Is 3026183 prime?
True
Is 18958067 a prime number?
False
Is 104997533 composite?
False
Is 120239507 a composite number?
False
Is 18640651 prime?
False
Is 71312387 a composite number?
False
Is 2526785 a prime number?
False
Is 24863101 prime?
False
Is 889547 composite?
True
Is 16176241 a prime number?
True
Is 251436553 a composite number?
True
Is 4585697 prime?
True
Is 587415385 a prime number?
False
Is 1903873 prime?
True
Is 66905485 composite?
True
Is 69289793 a prime number?
False
Is 902102 prime?
False
Is 24319567 prime?
False
Is 2762131 prime?
False
Is 201270977 prime?
True
Is 23150269 prime?
True
Is 248873141 a prime number?
False
Is 5641327 a composite number?
False
Is 1152509 composite?
False
Is 11354843 a prime number?
False
Is 13830337 a prime number?
False
Is 148415307 prime?
False
Is 2555269 composite?
True
Is 2499373 a composite number?
False
Is 2051015 prime?
False
Is 125497 prime?
True
Is 34834403 composite?
True
Is 68734363 a composite number?
False
Is 1150909 a composite number?
False
Is 57444965 a composite number?
True
Is 355939847 a prime number?
False
Is 78121 composite?
False
Is 934639 composite?
False
Is 50287018 composite?
True
Is 39580871 a prime number?
False
Is 366370507 a prime number?
True
Is 28114301 prime?
False
Is 160865597 a composite number?
True
Is 82522379 a composite number?
False
Is 4093553 a composite number?
True
Is 28991791 composite?
False
Is 34754141 a prime number?
True
Is 250583 composite?
False
Is 6079547 a composite number?
False
Is 186638509 a composite number?
False
Is 994363 prime?
True
Is 54304903 a prime number?
False
Is 154233293 a prime number?
True
Is 464843 prime?
True
Is 21081857 composite?
False
Is 4678197 a prime number?
False
Is 36946283 a composite number?
True
Is 1998793 composite?
False
Is 5154701 a prime number?
True
Is 10520179 prime?
True
Is 4542731 a composite number?
True
Is 38734678 a prime number?
False
Is 18351037 composite?
True
Is 82246841 composite?
False
Is 46099019 prime?
False
Is 20752937 a prime number?
False
Is 16916899 prime?
True
Is 25511327 a prime number?
True
Is 4315439 a composite number?
False
Is 501130645 a composite number?
True
Is 118967 composite?
False
Is 3103918 composite?
True
Is 4284343 composite?
True
Is 13638593 a composite number?
False
Is 267531973 prime?
False
Is 8014301 a composite number?
False
Is 10180663 a composite number?
False
Is 394129 prime?
True
Is 157622669 composite?
False
Is 1752745 a composite number?
True
Is 87167077 a prime number?
True
Is 28054867 a composite number?
True
Is 493223 a composite number?
True
Is 38813039 a composite number?
True
Is 53890189 composite?
False
Is 1055251 a prime number?
True
Is 172578631 composite?
False
Is 12809701 a composite number?
False
Is 6264757 composite?
True
Is 861056569 a composite number?
True
Is 3452497 a prime number?
True
Is 17308727 prime?
True
Is 50222543 composite?
True
Is 35549137 a prime number?
False
Is 1108899677 composite?
True
Is 10028383 prime?
True
Is 108063877 composite?
False
Is 24724163 a prime number?
True
Is 4627459 prime?
True
Is 46939863 a composite number?
True
Is 376031 composite?
True
Is 228119 a composite number?
True
Is 1253867 composite?
True
Is 24194047 prime?
False
Is 17223235 prime?
False
Is 1446713 a prime number?
True
Is 2317691 a prime number?
True
Is 73690898 composite?
True
Is 645092779 composite?
True
Is 15892543 a prime number?
False
Is 11141549 a prime number?
True
Is 44832427 composite?
False
Is 58747499 prime?
False
Is 1801717 a prime number?
True
Is 53550847 prime?
False
Is 1781089 prime?
True
Is 9092845 prime?
False
Is 4207571 composite?
False
Is 4617187 a prime number?
True
Is 841093 a prime number?
False
Is 2734079 a prime number?
False
Is 6580087 prime?
True
Is 426264389 prime?
False
Is 1015199 prime?
True
Is 294539369 a composite number?
False
Is 7930569 prime?
False
Is 130233721 composite?
False
Is 1928467 composite?
False
Is 16125869 a composite number?
False
Is 1341415 a prime number?
False
Is 134289167 composite?
False
Is 9827591 a prime number?
True
Is 70962589 a prime number?
True
Is 127439 prime?
False
Is 174691967 prime?
True
Is 97789969 a prime number?
True
Is 4282085 composite?
True
Is 23767391 a prime number?
True
Is 2285929 prime?
True
Is 1973707 prime?
False
Is 9910157 a prime number?
True
Is 4194961 prime?
True
Is 10135469 composite?
False
Is 120729289 composite?
False
Is 50719 composite?
True
Is 54202937 a composite number?
True
Is 3524531 a prime number?
True
Is 20031959 composite?
False
Is 4511147 prime?
False
Is 8177383 a prime number?
True
Is 4558649 prime?
True
Is 116396167 a composite number?
False
Is 21729451 a prime number?
False
Is 50321851 composite?
True
Is 5897 prime?
True
Is 44437033 a prime number?
True
Is 662035893 composite?
True
Is 149553661 a composite number?
True
Is 37439903 composite?
False
Is 89192399 a prime number?
False
Is 97492217 a composite number?
True
Is 1824989 composite?
False
Is 18841586 a prime number?
False
Is 13790867 a composite number?
True
Is 68724421 prime?
False
Is 389743 a prime number?
True
Is 20924959 a composite number?
True
Is 3430331 a composite number?
False
Is 16053437 composite?
True
Is 38999239 composite?
False
Is 22625